divided by o?
6
Let u(a) be the first derivative of a**4/4 - 13*a**3/3 + 7*a**2 - 6*a + 3. What is the remainder when 52 is divided by u(12)?
16
Let t = -44 + 61. Calculate the remainder when 31 is divided by t.
14
Let l = 37 - 29. Suppose -5*j = -0*j. Suppose -5 = -v - j*v. Calculate the remainder when l is divided by v.
3
Suppose 0 = -4*i - 0*i + 16. Suppose 4*f = 5*u + 15, 2*u = -2*u + i. Suppose 0 = -f*z + 63 + 12. Calculate the remainder when z is divided by 8.
7
Suppose 2*c + 3*a = 12, 3*a + a = 3*c - 18. Suppose 5*u - 24 = c. What is the remainder when 15 is divided by u?
3
Suppose -5*u + 2*s + 3*s + 90 = 0, -5*u + 93 = -2*s. Calculate the remainder when 55 is divided by u.
17
Suppose -1 = y - 4*a - 51, -3*y + 70 = 4*a. Calculate the remainder when y is divided by 11.
8
Let m(n) = 2*n + 1. Suppose 0 = 2*v - 2 - 0. Let w be m(v). Suppose 0 = 2*h - w*h + 7. What is the remainder when 12 is divided by h?
5
Let u(p) = -2*p + 6. Let j be u(-5). Suppose 0 = -5*o + o + j. What is the remainder when 32 is divided by o/(-16) - (-138)/8?
15
Let g = 66 + -2. Let d = g + -21. Suppose 0 = -2*n - h + 29, 0*n - 2*h = 3*n - d. Calculate the remainder when n is divided by 8.
7
Let p = 75 - 35. Calculate the remainder when p is divided by 21.
19
Let n(u) = 6*u - 5. Let s be n(4). Let z = s + -11. Suppose -o - 8 = -22. What is the remainder when o is divided by z?
6
Let r = 5 + -1. Suppose 0*i - 4*o = r*i - 144, -2*i = -4*o - 54. Calculate the remainder when i is divided by (-4)/(-10) + 83/5.
16
Suppose -120 - 83 = -7*n. Calculate the remainder when n is divided by 8.
5
Let q(o) = o + 8. Let b be q(-6). Suppose u + b*u = 66. What is the remainder when u is divided by 8?
6
Suppose 5*w - 5*g = 0, 5*w - 2*w = g + 6. Calculate the remainder when 4/16 + (-31)/(-4) is divided by w.
2
What is the remainder when (-2)/(((-4)/(-12))/(-1)) is divided by 5?
1
Suppose 5*h - 6 = 2*h. Let n be -1 + 0 + h - 2. What is the remainder when -40*(-1 + n/(-2)) is divided by 7?
6
Suppose 130 = -z + 6*z. What is the remainder when z is divided by 7?
5
Let b(g) = 3*g**2 - g + 5. Let d(o) = o**2 + 2. Let m(a) = 2*b(a) - 5*d(a). What is the remainder when m(-5) is divided by 12?
11
Suppose 76 = -y + 3*y. Suppose -5*w - 19 = 1. Let v(i) = -i**3 - 4*i**2 - 2*i + 5. Calculate the remainder when y is divided by v(w).
12
Let f be (-27)/(-15) - (-2)/10. Suppose 5 = 3*p + f*h, -h = -2*p + 13 + 2. Suppose -p*g + 16 = -109. Calculate the remainder when g is divided by 7.
4
Let q(b) = 6*b - 4. Let s be q(-10). Let p = s + 89. What is the remainder when 73 is divided by p?
23
What is the remainder when ((-2)/5)/((-5)/75) is divided by 2?
0
Let y be (4/6)/((-8)/36). Let r(z) = z**3 + 7*z**2 + 8*z + 5. What is the remainder when 1/3 - 131/y is divided by r(-5)?
14
Let p(d) be the first derivative of -3*d**2/2 + 7*d + 2. What is the remainder when p(-7) is divided by 10?
8
Suppose 2*b + 1 = 21. Let z = b + -7. Calculate the remainder when 41 is divided by z/(((-3)/(-14))/1).
13
Suppose -x + 0 = -11. Suppose p = -3*q - 2*p + 87, -3*p - 73 = -2*q. Calculate the remainder when q is divided by x.
10
Let q = 8 + -1. Calculate the remainder when 10 is divided by q.
3
Suppose 3*b = 5*p + 29, 3 = -5*b - 5*p - 2. Let n = 17 + -13. What is the remainder when n is divided by b?
1
Let p(v) = v**2 + 2*v + 0*v**2 + 3*v + 3*v - 1. Let n be p(-7). Let z(l) = -l**3 - 7*l**2 + 6*l + 4. Calculate the remainder when 38 is divided by z(n).
18
Let d(v) = v**3 + 9*v**2 + 5*v - 4. Suppose 5 = l - 3*t, -42 - 15 = -5*l - t. Calculate the remainder when d(-8) is divided by l.
9
Let a(f) = 3*f**2 - 10*f - 3. Calculate the remainder when 8 is divided by a(4).
3
Let u = 48 + -33. Suppose -464 = -17*h + 488. What is the remainder when h is divided by u?
11
What is the remainder when 42 is divided by (2 - 1)*(16 + 24/(-8))?
3
Suppose -2*f + 32 + 6 = 0. Suppose -5*r - i = -52, 0 = -4*r + i + i + 36. What is the remainder when f is divided by r?
9
Let h(y) = y - 5 + 2 - 2. What is the remainder when h(9) is divided by 2*1/2 + 1?
0
Let x(b) = b - 3. Let r be x(3). Suppose -2*u + 6 + 10 = r. What is the remainder when u is divided by -1 + 7 + 1/(-1)?
3
Suppose 2*m = -3*i + 6, 7*m = 6*m - 5*i + 3. Suppose 5*l - 16 + 6 = 0. What is the remainder when 20 is divided by (14/m)/(l/3)?
6
Let p be -6 - (-2)/((-6)/(-9)). Let s be (1 - -48) + (p - 0). Suppose 2*i = n + 40, 0*i - 5*n - s = -3*i. What is the remainder when i is divided by 8?
6
Suppose -128 = -5*y - 4*t, -3 = y + t - 28. Calculate the remainder when 61 is divided by 440/y + 2/7.
13
Suppose -4*w - 6 = -u + 3*u, -u - 3 = 0. Suppose -2*c + 8 = -w*c. Calculate the remainder when c is divided by 2.
0
Let m(p) = -p**3 + 5*p**2 - 2*p + 1. What is the remainder when 35 is divided by m(2)?
8
Let w(s) = s**3 - 6*s**2 + 5*s - 2. Let r be w(5). Calculate the remainder when 55 - r - 2 - 0 is divided by 19.
17
Let m be ((-7)/(-2) - 3)*6. Let i(r) = r**3 + r**2 + r + 4. Calculate the remainder when i(m) is divided by 15.
13
Suppose -2*p - 3*p = -5. Let c = p + 5. What is the remainder when 22 is divided by c?
4
What is the remainder when 135 is divided by 2 - (-220)/((-20)/(-4))?
43
Suppose 3*a - o - 137 = 0, -3*a + 2*o = -0*a - 142. Calculate the remainder when a is divided by 15.
14
Let t(l) be the first derivative of 9*l**2/2 + l - 2. Let m be t(4). Let s = m + -21. What is the remainder when s is divided by 9?
7
Suppose 5*l - 355 = 3*y, l + 0*y = 3*y + 83. What is the remainder when l is divided by 23?
22
Let u(g) = -13*g**3 + g + 1. Let y = -1 - -4. Suppose -k - 10 = d + 2*k, 0 = -y*d + k. Calculate the remainder when 24 is divided by u(d).
11
Let y(p) = p + 10. Calculate the remainder when y(-2) is divided by 2.
0
Suppose w - 3 = 6. Suppose 2*j + 11 = 77. What is the remainder when j is divided by w?
6
Let a = 52 - 24. Calculate the remainder when 54 is divided by a.
26
Let k(m) = m**2 + m - 19. Calculate the remainder when 52 is divided by k(5).
8
Let g = -22 + 3. Let s = g + 35. What is the remainder when s is divided by 6?
4
What is the remainder when ((-3)/2)/(6/(-196)) is divided by 26?
23
Suppose -4*o = -3*o - 14. Let u(c) = 2*c - 7. Suppose 4*q - 3 - 21 = 0. Calculate the remainder when o is divided by u(q).
4
What is the remainder when 8 is divided by (0 - -2)*1 + 3?
3
Suppose -3*b = -15*b + 1104. Calculate the remainder when b is divided by 25.
17
Suppose -2*k + 2 = -2. Let n(b) = -10 - 2*b + k*b - 3*b. What is the remainder when n(-7) is divided by 4?
3
Suppose -3*z = -g + 19 + 14, 5*z + 4*g + 38 = 0. Let m = -8 - z. What is the remainder when 4 is divided by m?
0
Suppose 5*s + 2*w - 52 = 0, -23 = s - 3*s - 3*w. Let f = -14 + 33. What is the remainder when f is divided by s?
9
Suppose 2*t - 3 - 101 = 0. Let z be (-1)/(0 + 0 - -1). Let b = z + 28. Calculate the remainder when t is divided by b.
25
Suppose 0*q - 31 = -q. Let y = 59 - q. Suppose y = -3*h - 4*o + 111, 4*h + o - 89 = 0. What is the remainder when 39 is divided by h?
18
Suppose -j + 112 = 6. Let o be 2/9 + j/9. Suppose r + o - 30 = 0. Calculate the remainder when r is divided by 10.
8
Let z = -21 + 45. Calculate the remainder when 88 is divided by z.
16
Let c(a) = -a - 3. Let h(k) = -k**3 - 4*k**2 - 1. Let q be h(-3). Let l be 141/(-15) + (-4)/q. What is the remainder when 16 is divided by c(l)?
4
Suppose y - 28 = -3. Calculate the remainder when 46 is divided by y.
21
Let b(n) be the second derivative of -n**3/2 - 3*n**2 - 2*n. What is the remainder when 10 is divided by b(-4)?
4
Let u(f) = -f - 4. Let j(m) = -5*m + 1 - 1 - 1. Let c be j(1). What is the remainder when u(c) is divided by 1?
0
Let b = -154 + 279. Suppose -b = -7*w + 2*w. Calculate the remainder when w is divided by 9.
7
Suppose 11 + 1 = 4*r. Let n be r + -1*(-1)/1. Suppose n*j - 21 = j. What is the remainder when 19 is divided by j?
5
Suppose -m - 2*m = -3. Let n(j) = j**2 + 7*j. Let u be n(-7). Suppose u*d - 5*d = -5. What is the remainder when m is divided by d?
0
Suppose 6 = -0*d + d - 5*z, 0 = -d - 2*z - 1. What is the remainder when (-7)/((-14)/144)*d is divided by 25?
22
Suppose -6 = 2*a - 48. What is the remainder when 41 is divided by a?
20
Let v = -3 - -2. What is the remainder when 80/6 - v/(-3) is divided by ((-4)/(-2))/(4/10)?
3
Sup